remainder when 10736 is divided by 85?
26
Calculate the remainder when 8104 is divided by 1931.
380
What is the remainder when 17595 is divided by 357?
102
What is the remainder when 8605914 is divided by 1268?
1266
Calculate the remainder when 8784 is divided by 43.
12
Calculate the remainder when 47700 is divided by 410.
140
What is the remainder when 51 is divided by 14?
9
Calculate the remainder when 1417 is divided by 300.
217
What is the remainder when 712750 is divided by 47?
42
Calculate the remainder when 2982 is divided by 2908.
74
What is the remainder when 2392907 is divided by 26?
23
What is the remainder when 43509 is divided by 43492?
17
What is the remainder when 151909 is divided by 86?
33
What is the remainder when 259 is divided by 117?
25
What is the remainder when 204182 is divided by 29?
22
What is the remainder when 6003 is divided by 462?
459
Calculate the remainder when 3312 is divided by 1103.
3
What is the remainder when 5729 is divided by 953?
11
Calculate the remainder when 484591 is divided by 96913.
26
Calculate the remainder when 137175 is divided by 18.
15
Calculate the remainder when 2496 is divided by 708.
372
What is the remainder when 20661 is divided by 3?
0
Calculate the remainder when 1153 is divided by 117.
100
Calculate the remainder when 17575 is divided by 38.
19
Calculate the remainder when 63618 is divided by 82.
68
What is the remainder when 46943 is divided by 35?
8
What is the remainder when 182828 is divided by 91414?
0
What is the remainder when 7943 is divided by 2551?
290
What is the remainder when 436794 is divided by 100?
94
Calculate the remainder when 847419 is divided by 604.
7
Calculate the remainder when 4227 is divided by 288.
195
What is the remainder when 5125 is divided by 729?
22
Calculate the remainder when 489612 is divided by 111.
102
What is the remainder when 3199 is divided by 1015?
154
What is the remainder when 1307 is divided by 185?
12
Calculate the remainder when 2666 is divided by 311.
178
Calculate the remainder when 17069 is divided by 640.
429
Calculate the remainder when 29538 is divided by 9842.
12
What is the remainder when 229902 is divided by 166?
158
Calculate the remainder when 57154 is divided by 19042.
28
Calculate the remainder when 4246 is divided by 703.
28
Calculate the remainder when 407 is divided by 258.
149
What is the remainder when 22617 is divided by 207?
54
What is the remainder when 63784 is divided by 7968?
40
Calculate the remainder when 144675 is divided by 169.
11
Calculate the remainder when 51433 is divided by 3953.
44
What is the remainder when 24417 is divided by 350?
267
Calculate the remainder when 367113 is divided by 122.
15
What is the remainder when 449417 is divided by 224705?
7
Calculate the remainder when 4863 is divided by 684.
75
What is the remainder when 63880 is divided by 182?
180
What is the remainder when 271189 is divided by 302?
295
Calculate the remainder when 91423 is divided by 314.
49
Calculate the remainder when 29856 is divided by 27.
21
Calculate the remainder when 727 is divided by 220.
67
Calculate the remainder when 35162 is divided by 801.
719
Calculate the remainder when 5997 is divided by 22.
13
Calculate the remainder when 868176 is divided by 14.
8
Calculate the remainder when 30677 is divided by 7668.
5
Calculate the remainder when 1034984 is divided by 206994.
14
Calculate the remainder when 34587 is divided by 935.
927
What is the remainder when 19530 is divided by 653?
593
Calculate the remainder when 3692 is divided by 267.
221
Calculate the remainder when 24928 is divided by 8307.
7
Calculate the remainder when 9228 is divided by 31.
21
Calculate the remainder when 488310 is divided by 8005.
5
What is the remainder when 37420 is divided by 12468?
16
What is the remainder when 157779 is divided by 78889?
1
Calculate the remainder when 1145 is divided by 485.
175
What is the remainder when 2927 is divided by 245?
232
Calculate the remainder when 522997 is divided by 24.
13
What is the remainder when 1312822 is divided by 425?
422
Calculate the remainder when 14217 is divided by 748.
5
Calculate the remainder when 2978 is divided by 243.
62
What is the remainder when 77103 is divided by 6?
3
Calculate the remainder when 25961 is divided by 109.
19
What is the remainder when 10187 is divided by 120?
107
What is the remainder when 4551 is divided by 26?
1
What is the remainder when 436000 is divided by 72663?
22
Calculate the remainder when 12052 is divided by 201.
193
Calculate the remainder when 8731 is divided by 250.
231
What is the remainder when 22595 is divided by 452?
447
Calculate the remainder when 44886 is divided by 22417.
52
What is the remainder when 7737 is divided by 60?
57
Calculate the remainder when 46550 is divided by 263.
262
Calculate the remainder when 48465 is divided by 5372.
117
What is the remainder when 1773 is divided by 199?
181
What is the remainder when 148682 is divided by 2520?
2
What is the remainder when 17117 is divided by 1139?
32
What is the remainder when 8971 is divided by 2239?
15
Calculate the remainder when 4207 is divided by 238.
161
What is the remainder when 3940 is divided by 354?
46
What is the remainder when 704548 is divided by 350?
348
Calculate the remainder when 790 is divided by 778.
12
What is the remainder when 1341418 is divided by 1185?
1183
What is the remainder when 10586 is divided by 12?
2
Calculate the remainder when 5577 is divided by 304.
105
Calculate the remainder when 22419 is divided by 1867.
15
Calculate the remainder when 1841 is divided by 1806.
35
Calculate the remainder when 1000442 is divided by 316.
302
Calculate the remainder when 766 is divided by 742.
24
What is the remainder when 82730 is divided by 1150?
1080
What is the remainder when 581878 is divided by 780?
778
What is the remainder when 840 is divided by 142?
130
What is the remainder when 5298 is divided by 24?
18
Calculate the remainder when 138000 is divided by 137967.
33
Calculate the remainder when 21981 is divided by 275.
256
What is the remainder when 968 is divided by 28?
16
What is the remainder when 10557 is divided by 111?
12
Calculate the remainder when 34141 is divided by 11135.
736
Calculate the remainder when 3363 is divided by 383.
299
What is the remainder when 1098 is divided by 29?
25
What is the remainder when 101370 is divided by 128?
122
Calculate the remainder when 455 is divided by 200.
55
What is the remainder when 54309 is divided by 560?
549
Calculate the remainder when 6318 is divided by 92.
62
Calculate the remainder when 18099 is divided by 274.
15
Calculate the remainder when 16583 is divided by 2.
1
Calculate the remainder when 2238 is divided by 624.
366
What is the remainder when 3831 is divided by 1056?
663
Calculate the remainder when 1722 is divided by 1614.
108
Calculate the remainder when 1122 is divided by 416.
290
What is the remainder when 53162 is divided by 16?
10
Calculate the remainder when 2620972 is divided by 881.
878
What is the remainder when 50430 is divided by 16?
14
What is the remainder when 60293 is divided by 4?
1
What is the remainder when 10063 is divided by 387?
1
Calculate the remainder when 20250 is divided by 5060.
10
What is the remainder when 381820 is divided by 26?
10
Calculate the remainder when 10819 is divided by 991.
909
What is the remainder when 127915 is divided by 132?
7
Calculate the remainder when 1292 is divided by 146.
124
Calculate the remainder when 215848 is divided by 75.
73
What is the remainder when 927 is divided by 53?
26
Calculate the remainder when 310165 is divided by 4.
1
Calculate the remainder when 24940 is divided by 531.
514
What is the remainder when 22618 is divided by 78?
76
Calculate the remainder when 46583 is divided by 512.
503
Calculate the remainder when 16441 is divided by 3206.
411
What is the remainder when 63776 is divided by 265?
176
Calculate the remainder when 1472 is divided by 104.
16
What is the remainder when 1742 is divided by 525?
167
Calculate the remainder when 121306 is divided by 35.
31
Calculate the remainder when 7067 is divided by 294.
11
What is the remainder when 236571 is divided by 497?
496
Calculate the remainder when 3646 is divided 